6) to base 10
-61
What is -32 (base 9) in base 15?
-1e
-50 (base 8) to base 4
-220
What is -26 (base 12) in base 6?
-50
What is 16 (base 8) in base 14?
10
What is 2 (base 4) in base 16?
2
What is -7 (base 14) in base 5?
-12
-11 (base 9) to base 15
-a
Convert -7 (base 10) to base 5.
-12
Convert b (base 12) to base 6.
15
What is 2 (base 6) in base 4?
2
Convert -150 (base 10) to base 15.
-a0
What is -10 (base 4) in base 7?
-4
Convert 202 (base 3) to base 15.
15
What is 1 (base 7) in base 15?
1
-14b (base 12) to base 13
-128
Convert 2 (base 5) to base 7.
2
What is 1a (base 11) in base 13?
18
What is 1 (base 9) in base 8?
1
9 (base 16) to base 2
1001
Convert -25 (base 9) to base 13.
-1a
Convert -33 (base 5) to base 14.
-14
-24 (base 9) to base 10
-22
225 (base 8) to base 2
10010101
Convert -120 (base 15) to base 11.
-212
18 (base 15) to base 11
21
What is -3 (base 13) in base 3?
-10
12 (base 4) to base 12
6
Convert 10 (base 4) to base 15.
4
What is -411 (base 6) in base 9?
-177
-1110 (base 2) to base 13
-11
Convert 2 (base 13) to base 11.
2
What is -9 (base 12) in base 9?
-10
-31 (base 5) to base 10
-16
What is -14 (base 5) in base 7?
-12
What is 11 (base 3) in base 14?
4
10 (base 2) to base 16
2
Convert -3 (base 8) to base 2.
-11
What is 7 (base 9) in base 15?
7
-344 (base 5) to base 7
-201
Convert 5 (base 12) to base 8.
5
What is 6 (base 15) in base 7?
6
Convert 1111 (base 4) to base 6.
221
-4 (base 10) to base 6
-4
210 (base 7) to base 11
96
What is 10 (base 11) in base 14?
b
-4 (base 13) to base 3
-11
113 (base 4) to base 8
27
3 (base 11) to base 3
10
What is 0 (base 12) in base 11?
0
What is -45 (base 6) in base 9?
-32
-16 (base 8) to base 3
-112
What is 3 (base 10) in base 6?
3
What is -55 (base 7) in base 9?
-44
What is 341 (base 6) in base 7?
250
What is 1 (base 13) in base 2?
1
-12 (base 6) to base 15
-8
15 (base 11) to base 9
17
-3 (base 9) to base 10
-3
Convert -5 (base 8) to base 3.
-12
-113 (base 5) to base 11
-30
Convert -11 (base 14) to base 16.
-f
242 (base 7) to base 9
152
Convert 16 (base 9) to base 12.
13
-9 (base 10) to base 14
-9
2 (base 5) to base 6
2
What is -25 (base 6) in base 2?
-10001
Convert 4 (base 12) to base 9.
4
What is -2 (base 4) in base 5?
-2
What is -1 (base 5) in base 14?
-1
1 (base 12) to base 8
1
-1031 (base 4) to base 3
-2212
-111110 (base 2) to base 14
-46
-21 (base 5) to base 7
-14
3 (base 10) to base 5
3
Convert 127 (base 8) to base 9.
106
Convert -5 (base 10) to base 3.
-12
Convert -10 (base 3) to base 16.
-3
-113 (base 13) to base 4
-2321
What is -2 (base 13) in base 16?
-2
-24 (base 14) to base 6
-52
Convert 246 (base 8) to base 10.
166
What is -21002 (base 3) in base 11?
-164
-21 (base 3) to base 13
-7
1101 (base 2) to base 12
11
What is 3 (base 5) in base 11?
3
-5 (base 9) to base 8
-5
Convert b (base 13) to base 15.
b
What is 280 (base 9) in base 15?
109
What is 1 (base 3) in base 10?
1
Convert -2 (base 5) to base 9.
-2
-11 (base 13) to base 15
-e
What is 15 (base 12) in base 9?
18
Convert -13 (base 6) to base 10.
-9
What is -2210 (base 3) in base 16?
-4b
Convert 1200 (base 3) to base 15.
30
What is 22 (base 11) in base 5?
44
24 (base 12) to base 6
44
-15 (base 15) to base 3
-202
Convert 100011 (base 2) to base 10.
35
What is 204 (base 6) in base 3?
2211
114 (base 8) to base 7
136
22 (base 4) to base 7
13
What is -4 (base 12) in base 14?
-4
324 (base 9) to base 6
1121
What is 2 (base 4) in base 7?
2
What is -165 (base 10) in base 16?
-a5
Convert -1 (base 16) to base 15.
-1
6b (base 13) to base 5
324
-2 (base 3) to base 15
-2
23 (base 4) to base 10
11
0 (base 16) to base 6
0
-13 (base 6) to base 16
-9
Convert -51 (base 9) to base 16.
-2e
Convert -b (base 12) to base 16.
-b
What is 6 (base 9) in base 14?
6
-24 (base 12) to base 15
-1d
What is -2 (base 8) in base 13?
-2
Convert -10 (base 6) to base 2.
-110
Convert -5 (base 14) to base 7.
-5
What is -4 (base 16) in base 3?
-11
53 (base 8) to base 15
2d
Convert 56 (base 9) to base 6.
123
Convert 10 (base 3) to base 6.
3
What is 63 (base 15) in base 11?
85
35 (base 8) to base 14
21
What is -6 (base 8) in base 10?
-6
What is -10 (base 3) in base 11?
-3
Convert 2 (base 7) to base 13.
2
Convert -40 (base 16) to base 14.
-48
-14 (base 11) to base 3
-120
Convert -9 (base 14) to base 6.
-13
Convert -6 (base 15) to base 14.
-6
What is 1a (base 14) in base 2?
11000
What is 3 (base 15) in base 11?
3
Convert -1 (base 8) to base 3.
-1
Convert -301 (base 7) to base 11.
-125
What is 12 (base 4) in base 11?
6
Convert 2 (base 14) to base 7.
2
What is -20 (base 5) in base 9?
-11
What is 12 (base 5) in base 12?
7
-4 (base 6) to base 3
-11
-a (base 15) to base 14
-a
5 (base 7) to base 8
5
Convert -11 (base 11) to base 3.
-110
What is -4 (base 5) in base 10?
-4
What is 310 (base 6) in base 3?
11020
Convert 0 (base 16) to base 3.
0
3 (base 10) to base 6
3
-1 (base 2) to base 4
-1
Convert 12 (base 14) to base 9.
17
What is 3 (base 16) in base 9?
3
Convert -30 (base 16) to base 7.
-66
What is 17 (base 8) in base 10?
15
Convert -108 (base 15) to base 8.
-351
Convert 6 (base 8) to base 9.
6
What is 37 (base 10) in base 5?
122
133 (base 7) to base 8
111
What is -2 (base 7) in base 16?
-2
4 (base 6) to base 7
4
What is 13 (base 9) in base 8?
14
What is 165 (base 12) in base 9?
265
What is 23 (base 11) in base 8?
31
0 (base 13) to base 9
0
Convert -2022 (base 4) to base 5.
-1023
Convert 1300 (base 6) to base 3.
110000
6 (base 10) to base 4
12
Convert 21 (base 10) to base 4.
111
-1 (base 16) to base 7
-1
2 (base 13) to base 10
2
-28 (base 9) to base 3
-222
What is -31 (base 6) in base 12?
-17
2 (base 12) to base 10
2
Convert 16 (base 7) to base 10.
13
10010 (base 2) to base 15
13
-100001 (base 2) to base 11
-30
What is 5 (base 14) in base 13?
5
What is 22 (base 9) in base 6?
32
17 (base 13) to base 2
10100
What is 1 (base 6) in base 5?
1
-6 (base 14) to base 5
-11
What is 21 (base 16) in base 2?
100001
Convert 6 (base 8) to base 12.
6
10 (base 3) to base 14
3
What is -2 (base 9) in base 14?
-2
What is 11 (base 2) in base 10?
3
244 (base 6) to base 16
64
Convert 1 (base 10) to base 6.
1
-10 (base 16) to base 9
-17
140 (base 8) to base 14
6c
What is -42 (base 9) in base 7?
-53
-23 (base 12) to base 10
-27
Convert -19 (base 11) to base 2.
-10100
1101 (base 2) to base 14
d
Convert -2b (base 13) to base 12.
-31
Convert -41 (base 15) to base 6.
-141
What is 0 (base 16) in base 11?
0
Convert 101000 (base 3) to base 4.
10032
What is -198 (base 11) in base 5?
-1403
What is 12 (base 5) in base 10?
7
Convert 4 (base 14) to base 12.
4
What is -10 (base 9) in base 14?
-9
What is -6 (base 13) in base 14?
-6
3 (base 7) to base 12
3
What is -101000 (base 2) in base 15?
-2a
Convert -1c (base 16) to base 12.
-24
-2 (base 9) to base 10
-2
4 (base 11) to base 7
4
What is -3a (base 15) in base 9?
-61
-102220 (base 3) to base 11
-272
What is 2 (base 15) in base 6?
2
322 (base 4) to base 7
112
What is 11 (base 2) in base 6?
3
-3 (base 8) to base 12
-3
What is 2b (base 13) in base 16?
25
What is 1 (base 10) in base 4?
1
What is a (base 15) in base 16?
a
3 (base 12) to base 4
3
Convert 2 (base 5) to base 13.
2
23 (base 14) to base 2
11111
What is -10 (base 6) in base 3?
-20
What is 4 (base 8) in base 12?
4
What is 8 (base 16) in base 4?
20
What is -3 (base 8) in base 6?
-3
What is 12 (base 3) in base 9?
5
Convert 5 (base 8) to base 3.
12
Convert 18 (base 15) to base 4.
113
-27 (base 10) to base 12
-23
5 (base 16) to base 13
5
What is 5 (base 16) in base 6?
5
Convert 10110 (base 3) to base 12.
79
What is -23 (base 6) in base 16?
-f
What is -1 (base 9) in base 6?
-1
31 (base 7) to base 12
1a
22 (base 6) to base 2
1110
What is 2 (base 6) in base 4?
2
1a (base 13) to base 10
23
-47 (base 9) to base 16
-2b
What is -10 (base 12) in base 16?
-c
What is -270 (base 12) in base 15?
-19c
Convert 14 (base 12) to base 3.
121
-93 (base 11) to base 7
-204
What is 44 (base 5) in base 6?
40
7 (base 13) to base 10
7
What is -8 (base 11) in base 6?
-12
-1 (base 2) to base 11
-1
23 (base 6) to base 9
16
What is -47 (base 15) in base 16?
-43
-10 (base 13) to base 8
-15
What is -22 (base 8) in base 15?
-13
What is 40 (base 6) in base 14?
1a
Convert 9 (base 14) to base 16.
9
Convert -33 (base 5) to base 15.
-13
What is -20 (b